*(-18)/3. Let p(k) = k**3 + 11*k**2 - 13*k - 16. Calculate p(j).
-4
Let h(a) = -a**3 - 4*a**2 - a - 78. Let k be h(-6). Let f(j) be the second derivative of -j**3/6 + j**2 + j. Determine f(k).
2
Let u(x) be the third derivative of -x**5/120 + x**4/2 + 13*x**3/6 - 11*x**2. Let a(f) be the first derivative of u(f). What is a(5)?
7
Let m(o) = o**3 + 5*o**2 - o + 5. Suppose 8*r - 12*r + 4*k - 12 = 0, -41 = 7*r + 3*k. What is m(r)?
10
Let v(k) = k + 4. Let s(l) = -3*l**2 + 19*l + 8. Let m be s(7). Give v(m).
-2
Let a be (2 - 4) + (3 - 3) + 19. Let b = -22 + a. Let t(w) be the second derivative of -w**3/6 - w**2 + 2*w. Determine t(b).
3
Let x(w) = -5*w**2 + 7*w - 9. Let g(o) = -9*o**2 + 15*o - 17. Let n(r) = 4*g(r) - 7*x(r). Give n(4).
23
Let h(l) = 5*l**3 + 5*l**2 - 11*l - 7. Let d(n) = -4*n**3 - 5*n**2 + 10*n + 8. Let g(z) = 4*d(z) + 3*h(z). What is g(-6)?
5
Suppose -y + 13 = 12. Let g be y + -4 + 3 + 1. Let p(a) = -5*a**2 + 2*a - 1. Let d be p(g). Let x(h) = -h**2 - h + 2. Give x(d).
-10
Suppose 0 = p - f + 1, 0 = 4*p + f - 1 - 15. Let t(a) = -a**3 + 3*a**2 - 3*a + 5. Calculate t(p).
-4
Let d be (-9)/3*1 + 6. Let m(b) = -5*b + 0*b**d + 0*b - b**3 - 2 - 4*b**2. What is m(-4)?
18
Let u = 340 - 340. Let s(x) = -x**2 + x + 5. Give s(u).
5
Suppose 5*c = 6 - 1. Let x(n) = -26*n**2 - 3*n + 6. Let b(u) = -305*u**2 - 35*u + 70. Let i(q) = 3*b(q) - 35*x(q). Give i(c).
-5
Let q(l) = 3 - 3*l**2 + l - 3*l**2 + l**3 + 2*l**2. Let j = 109 + -105. Determine q(j).
7
Let i(a) = -4*a - 6. Suppose -3*o = 3*v + 21, -8*v = -10*v - 4*o - 22. Calculate i(v).
6
Let a(n) = 4*n + 1. Suppose 0 = -7*v + 4*v - 201. Let k = v - -69. What is a(k)?
9
Let i(q) = q**3 - q**2 - 3*q + 3. Let p(h) = -h**3 + 2*h - 2. Let a(y) = -4*i(y) - 3*p(y). Let g be 5*6*(-4)/(-10). Suppose 4*o - 8 = g. Give a(o).
-1
Let r(i) = -64 - i**2 - 17 + 13*i + 49. Let x be r(10). Let q(l) = -l**2 - 3*l - 1. Determine q(x).
1
Let g = 97 + -95. Let i(q) = -7*q**2 + q**2 - q + 3 - q**3 + 10*q**2 + q**g. Calculate i(4).
15
Suppose 5*a + 13 - 27 = -4*i, 4*i = -4*a + 12. Let r(w) = -2*w + 3. What is r(a)?
-1
Let h(f) = 2*f**3 + 2*f**2 + 7*f - 5. Let g be 1/(5 + (0 - 4)). Let y(n) = n**3 + n - 1. Let p(z) = g*h(z) - 3*y(z). What is p(3)?
1
Let z(p) = 4*p + p + 116*p**2 - 115*p**2 - 3*p + 2. Suppose h + 9 = -2*h. Determine z(h).
5
Let j(b) = 11*b**2 - 16*b + 2. Let q be j(1). Let d(v) = -11*v + 1. Calculate d(q).
34
Let p(y) = -2*y - 6. Suppose -10*n - 2*n + 12 = 0. Let s(b) = 1. Let m(c) = n*p(c) + 8*s(c). Let t = -2 + 0. Give m(t).
6
Let m(n) = -4*n - 7. Let t be m(-3). Suppose 4*o + k + 24 = 0, 0 = 3*o + o - t*k. Let q(l) = 2*l + 6. Give q(o).
-4
Let g = 3 + -6. Let d(x) = x**2 - x - 1. Let i(j) = -2*j**2 + 6*j - 1. Let k(z) = -4*z**3 + 2*z**2 - 1. Let q be k(1). Let a(n) = q*d(n) - i(n). Give a(g).
4
Let l(a) = -3*a**2 - 1 + 3 + 5*a**2 + a**2. Let z = 295 - 293. Give l(z).
14
Let j(n) = -3*n**2 - 9*n - 9. Let p be j(-5). Let o = p + 43. Let t(r) = 2*r - 1. Let d(l) = 3*l - 2. Let m(z) = 3*d(z) - 5*t(z). Calculate m(o).
-5
Suppose 0 = 4*l - 7*l + 3. Let n be -6 + 3 + l + (-2 - -1). Let m(o) = o**3 + 4*o**2 + 3*o + 1. Calculate m(n).
1
Let f(h) = h**3 + 32*h**2 - 36*h - 104. Let d be f(-33). Let i(r) = -4*r - 7. Calculate i(d).
13
Suppose u + 4*d - 24 = 9*d, 2*u = -d + 15. Let b(l) = 3*l - 8*l**2 + 2 - 3*l**2 - 1 + u*l**2 - l**3. What is b(-3)?
1
Let t(x) = 5*x**2 - 6*x - 7. Suppose -8*f + 72 = -16. Let n(h) = -9*h**2 + 11*h + 13. Let c(j) = f*t(j) + 6*n(j). What is c(-3)?
10
Let v be -4*(-2)/4 + 2. Let w be (0/(-4) - 2)/(-2). Let a(x) = -18*x - 25*x + 2 + w + 42*x. Calculate a(v).
-1
Let y(a) = -a - 10. Let p be (-4 - -4)/((-2 - 2) + 3). Let d be (3 - 4 - p)*(7 - 1). Determine y(d).
-4
Let v(i) = -4*i**2 - 5*i. Let n(y) = y**2 + y - 2. Let p(u) = 3*n(u) + v(u). Give p(-4).
-14
Let g(d) = d**2 + 12*d + 18. Let r be (4/(-3) + 0)*(-5 - -11). Calculate g(r).
-14
Let w(h) = 64 - 5*h - 57 - h**2 - h. Let i = -21 + 15. Give w(i).
7
Let t be 3*(2 + (-2)/3). Let w(z) = -27*z - 26*z - 24*z - 31*z + 3 + 107*z. What is w(t)?
-1
Let b = 25 - 21. Suppose 5 = -3*g + 4*o - 0*o, 5 = 2*g - o. Let q(f) = -g + 11 - 5*f - 1 + f**2 - b. Determine q(2).
-5
Let g(d) be the first derivative of -29 + 2*d - 1/4*d**4 - 2*d**2 + 5/3*d**3. Calculate g(3).
8
Let h(s) = -5*s - 14. Suppose 0 = 8*q + 47 - 23. Determine h(q).
1
Let o(a) = 2 + 2 + 3*a**3 + 0 + 4*a**2 - 4*a**3 - 2*a. Calculate o(4).
-4
Suppose -92*h + 93 + 132 - 41 = 0. Let d(m) = -2 - 2*m - m + 1. Give d(h).
-7
Let b(c) = 18 - 2*c - 18*c - 55*c**2 + c + 56*c**2 + c. Determine b(17).
1
Let n(j) = -5*j**3 - 44*j**2 - 77*j - 56. Let f(k) = -k**3 - 9*k**2 - 15*k - 11. Let w(p) = -11*f(p) + 2*n(p). Calculate w(-10).
-1
Let p be ((-3)/(-9))/((-42)/(-9) - 5). Let k(u) = -36*u**3 - 2*u**2 - 2*u - 1. Give k(p).
35
Let g(h) = h**2 - 11*h + 10. Let p(u) = -2*u**2 - 17*u - 26. Let c be p(-5). Give g(c).
-8
Let x(m) be the first derivative of 2*m**2 + 4*m + 5. Let a(b) be the third derivative of -b**5/60 + 7*b**4/12 + 3*b**3 - 8*b**2. Let i be a(15). What is x(i)?
16
Let d(w) = -2*w**3 + 4*w**2 + 2*w + 17. Let c(u) = -3*u**3 + 5*u**2 + 3*u + 17. Let s(h) = -3*c(h) + 4*d(h). What is s(0)?
17
Let d(n) be the first derivative of n**7/840 - n**6/90 - n**5/120 + n**4/6 - 3*n**3 - 24. Let j(b) be the third derivative of d(b). What is j(4)?
0
Let a(j) = -65*j**2 + 7*j + 1 + 59*j**2 - 7*j. Give a(2).
-23
Let b(i) be the third derivative of i**6/120 + i**5/20 + i**4/24 + i**3/6 + 2*i**2. Let p(y) = y - 8. Let t be p(-8). Let v be (-1)/(t/6 - -3). Give b(v).
-2
Let u(x) be the first derivative of 2 + x + 15/2*x**2. Suppose 3*o = 6 - 9. Calculate u(o).
-14
Suppose -5 = -4*y + 15. Let a be (-6)/(-5)*y + -3. Let o = a + -8. Let p(w) = -w**3 - 6*w**2 - 2*w - 3. Determine p(o).
-18
Let l be 1 + 0*2/4. Suppose -6*f + 14 = 2. Let p(c) = -53*c**3 + 4*c**2 + 58*c**3 + 1 - 3*c**f - 3*c**2. Give p(l).
4
Let v be (-54)/(-15) + -1*3/5. Suppose -4*o + 21 = h, 3*o - 12 = -3*h + 15. Let p(f) = -f - 6*f - 3 + 2*f + o*f. What is p(v)?
-6
Let k(l) = -16 - 10 - 4 + 27 - 12 + 3*l. Determine k(6).
3
Suppose 2*q - 4 = 3*z - 0*q, -5*z - q = 11. Let d be (8/(-10))/(z/10). Let c(b) = 12 + 437*b - 28 + b**2 - 872*b + 22 + 428*b. Give c(d).
-6
Let g = 5 - 1. Let z be (-14)/(-6) + g/(-12). Let b(j) = 6*j**z - j - 1 - 10 - j**3 - 5*j**2. Give b(0).
-11
Suppose 2*r - 12 = 4*r. Let a(y) = y**2 - 7*y + 12. Let c(m) = 1. Let x(u) = r*c(u) + a(u). Suppose -20 = -5*b - 6*s + 7*s, 5*s = 0. What is x(b)?
-6
Let a(g) = -g**3 - 9*g**2 - 9*g - 9. Let z(p) = -p**3 + p**2 - 2*p - 4. Let r be z(-2). Let y be (-1 + (-1)/(-3))*r. Give a(y).
-1
Suppose -4*v = 0, -l + 3*v + 0 = 4. Let r(b) be the second derivative of -b**3/6 - b**2/2 - 29*b. Determine r(l).
3
Let r(v) be the second derivative of v**5/10 + v**4/4 + v**3/2 + 3*v**2/2 - 41*v. Give r(-2).
-7
Let m = 40 + -45. Let o(u) be the first derivative of -u**5/60 - u**4/4 - 7*u**3/6 + 4*u**2 - 5. Let p(s) be the second derivative of o(s). Determine p(m).
-2
Let w(l) = 1 + 2 - 8*l + 11*l + 9 - 2. Determine w(7).
31
Let h(o) = -11*o**2 - 32*o - 7. Let f(a) = -9*a**2 - 25*a - 8. Let j(d) = -6*f(d) + 5*h(d). Determine j(-12).
-11
Let x(n) be the first derivative of 1/3*n**3 + 0*n**2 + 33 - 1/4*n**4 - n. Determine x(1).
-1
Suppose 36*i + 42 = 22*i. Let l(a) = 2*a**2 - 2*a - 3. Calculate l(i).
21
Let q(k) = k**3 + 13*k**2 + 10*k - 9. Let z(h) = 4*h**3 + 54*h**2 + 41*h - 35. Let g(y) = 9*q(y) - 2*z(y). What is g(-8)?
-11
Suppose -4*h - h = 0. Suppose h = -3*v + 4*v + 3*z, 0 = v - 4*z. Let n(k) = 4 + v*k - 2 - k + 4. Give n(0).
6
Let i(r) = 0 + 3*r**2 + 1 - r - r**2. Let g be 14 + (-8 - -11 - 16). What is i(g)?
2
Let o(m) be the first derivative of 3*m**2/2 - 3*m + 2. Let l = -2915 - -2922. What is o(l)?
18
Let v(b) = -b. Let u(t) = 6*t + 14. Let a(s) = u(s) + 5*v(s). Give a(-10).
4
Let a(h) = 3*h**3 - 2093 + 2093 - 8*h + 6*h**2 - 2*h**3. Calculate a(-7).
7
Let y(d) = 2*d. Let r = -94 + 95. Let s(l) = l + 1. Let t(k) = r*y(k) + s(k). What is t(-1)?
-2
Let d(w) = -w**2 - 3*w + 7. Let q = -47 - -44. Let j be ((-2)/q)/((-4)/30). Determine d(j).
-3
Let n(c) = -2*c + 3. Let i be n(3). Let t(g) = -2*g**2 - 2. Let h(z) = 5*z**2 + 5. Let f(l) = -6*h(l) - 14*t(l). Determine f(i).
-20
Let g(l) = l**2 - l + 4